(13)?
1
Let p(d) = -5*d**3 - 7*d**2 - 10*d - 3. Calculate p(-2).
29
Let w(v) = -13*v + 72. Determine w(5).
7
Let k(x) = -x**3 + 9*x**2 + 2*x - 6. Determine k(10).
-86
Let o(u) = -4*u + 1. What is o(1)?
-3
Let i(k) = -k - 9. Give i(8).
-17
Let r(f) = 7*f + 28. Determine r(-9).
-35
Let y(k) = 14*k + 131. Determine y(-10).
-9
Let a(w) = -29*w + 40. What is a(2)?
-18
Let l(i) = -2*i**3 + 166*i**2 - 161*i - 240. Give l(82).
6
Let q(t) = t**3 - 20*t**2 + 38*t - 38. Calculate q(18).
-2
Let g(b) = b**3 + 4*b**2 + 7*b + 19. Give g(-3).
7
Let w(m) = -5*m + 16. Give w(4).
-4
Let p(l) = -l**3 - 16*l**2 - 29*l - 7. Determine p(-14).
7
Let g(v) = -19*v - 352. Determine g(-19).
9
Let t(g) = -g**3 + 9*g**2 + 13*g - 52. Calculate t(11).
-151
Let x(z) = z**3 - 11*z**2 - 10*z - 21. What is x(12)?
3
Let t(p) = -p**2 - p + 1. Calculate t(3).
-11
Let o(p) = p + 3. What is o(8)?
11
Let v(f) = -f - 3. Determine v(4).
-7
Let x(j) = 2*j**2 + 2*j. Give x(-2).
4
Let p(f) = -f**2 + 17*f + 11. Determine p(18).
-7
Let o(j) = -j**3 - 16*j**2 - 17*j + 18. Calculate o(-15).
48
Let x(k) = k**2 - 8*k + 1. Give x(8).
1
Let m(a) = 3*a**2 + a - 1. Calculate m(1).
3
Let t(l) = -2*l - 23. Give t(-5).
-13
Let s(l) = 3*l + 35. What is s(-14)?
-7
Let x(o) = 6*o - 26. Give x(3).
-8
Let k(h) = -2*h**3 - 11*h**2 + 6*h - 17. What is k(-6)?
-17
Let r(t) = -2*t + 46. Give r(21).
4
Let x(c) = -c**2 - 22*c + 5. Calculate x(-25).
-70
Let c(j) = -12*j - 51. What is c(-4)?
-3
Let q(k) = -k. What is q(-3)?
3
Let o(j) = -j**2 - 25*j - 18. Determine o(-22).
48
Let a(s) = -7*s**2 - s. What is a(-2)?
-26
Let y(t) = t**2 + t - 2. Determine y(-3).
4
Let t(s) = -16*s + 103. Give t(20).
-217
Let g(s) = -2*s**2 - s + 6. Calculate g(-6).
-60
Let i(l) = 2*l - 16. Calculate i(0).
-16
Let b(o) = 18*o + 11. What is b(1)?
29
Let p(s) = s**2 - 17*s - 2. Calculate p(17).
-2
Let x(a) = 4*a - 104. Calculate x(14).
-48
Let j(w) = -w**2 - 6*w + 63. What is j(6)?
-9
Let o(i) = i**2 - 28*i + 17. Determine o(27).
-10
Let c(q) = -2*q**2 + 3*q - 1. Calculate c(0).
-1
Let h(o) = -o**3 + 27*o**2 - 53*o + 61. What is h(25)?
-14
Let o(v) = 15*v - 11. Give o(1).
4
Let u(j) = j**2 - 7*j. Calculate u(3).
-12
Let g(p) = -14*p + 150. Give g(9).
24
Let i(z) = 3*z + 22. What is i(-7)?
1
Let a(h) = 8*h**2 + h + 5. What is a(3)?
80
Let f(z) = -z**2 + 18*z + 13. What is f(18)?
13
Let d(u) = 2*u**3 + 7*u**2 + 1. Calculate d(-4).
-15
Let s(i) = -37*i - 559. Calculate s(-15).
-4
Let p(a) = -9*a - 9. Give p(-5).
36
Let v(n) = n**3 - 12*n**2 + 2*n - 13. Give v(12).
11
Let g(j) = -j**2 + j + 15. Give g(5).
-5
Let q(n) = -n**2 - 12*n + 27. Determine q(-14).
-1
Let b(z) = 2*z**2 + 4*z - 4. What is b(3)?
26
Let g(i) = 2*i + 4. What is g(-11)?
-18
Let x(g) = 6*g + 120. Give x(-19).
6
Let o(k) = -k**2 + 7*k. What is o(6)?
6
Let p(z) = 4*z**2 + 21*z - 4. Give p(-5).
-9
Let l(r) = r**3 - 14*r**2 + 21*r + 32. Calculate l(12).
-4
Let s(n) = -12*n + 52. What is s(4)?
4
Let o(v) = -v**3 + 2*v - 2. Calculate o(3).
-23
Let t(z) = 5*z**2 - z - 2. What is t(5)?
118
Let j(q) = 6*q - 3. Determine j(-1).
-9
Let j(n) = n**2 + 7*n - 5. Give j(-6).
-11
Let i(b) = -21*b + 426. Determine i(21).
-15
Let b(g) = -2*g**2 + 12*g - 30. Give b(4).
-14
Let g(x) = -x**3 - 6*x**2 - 5*x - 2. Calculate g(-5).
-2
Let c(d) = 2*d**3 - 2*d**2 - 4. Give c(0).
-4
Let u(p) = p**3 - 6*p**2 + 5*p + 18. Calculate u(4).
6
Let g(m) = -5*m - 50. What is g(-11)?
5
Let y(k) = -10*k**2 + 70*k + 9. Calculate y(7).
9
Let g(z) = -z**3 + 11*z**2 - 2*z + 20. Calculate g(11).
-2
Let l(d) = d**2 - 3*d - 7. Give l(5).
3
Let f(a) = -a**3 + 13*a**2 - 7*a - 53. Determine f(12).
7
Let w(x) = x + 28. Determine w(12).
40
Let q(i) = 13*i - 58. What is q(5)?
7
Let y(h) = 8*h**2 - h - 4. Give y(-2).
30
Let z(n) = n**2 + 12*n + 14. Determine z(-11).
3
Let j(y) = -y**2 - 10*y - 24. What is j(-6)?
0
Let r(c) = -7*c + 25. Give r(-9).
88
Let o(j) = j**3 + 10*j**2 + 26*j + 6. Calculate o(-5).
1
Let w(v) = v**2 - 11*v - 14. What is w(11)?
-14
Let w(r) = 4*r + 138. Give w(-37).
-10
Let l(k) = 15*k - 161. Give l(11).
4
Let z(q) = -q**2 + 11*q + 11. Determine z(11).
11
Let b(p) = -p**3 - 3*p**2 - 14. What is b(-4)?
2
Let g(v) = 3*v. Determine g(2).
6
Let a(x) = 7*x**2 - 8*x + 11. What is a(4)?
91
Let r(q) = 5*q + 24. Determine r(9).
69
Let v(r) = -12*r + 228. Give v(18).
12
Let y(n) = n**3 - 14*n**2 + 39*n + 6. Determine y(10).
-4
Let n(b) = 4*b**2 - 61*b - 37. Give n(16).
11
Let i(x) = 6*x - 2. What is i(-1)?
-8
Let g(t) = -t**3 + 12*t**2 - 35*t + 8. What is g(7)?
8
Let r(b) = b**3 + 9*b**2 + 2*b + 10. Determine r(-10).
-110
Let g(t) = t**3 + 7*t**2 - 4*t + 19. Calculate g(-8).
-13
Let d(y) = 4*y - 24. What is d(7)?
4
Let k(s) = s**2 + 27*s + 158. What is k(-9)?
-4
Let k(o) = -o + 24. Determine k(10).
14
Let o(b) = -5*b**2 - 38*b + 24. Calculate o(-8).
8
Let z(i) = i**2 - 5*i. Determine z(6).
6
Let j(r) = -r**2 + 9. Calculate j(6).
-27
Let z(q) = -q**3 + 3*q**2 + 34*q - 121. Give z(5).
-1
Let n(p) = p**3 + 5*p**2 + 3*p - 1. Give n(-3).
8
Let m(f) = f**2 + 17*f - 57. Determine m(-20).
3
Let u(c) = -3*c - 18. Give u(-6).
0
Let a(v) = -43*v + 2. Calculate a(-1).
45
Let s(h) = -h - 1. Give s(-5).
4
Let t(b) = b**3 - 13*b**2 + 11*b + 16. What is t(12)?
4
Let o(m) = 29*m**2 - 4*m + 3. What is o(1)?
28
Let u(r) = 3*r**3 + 2*r**2 - r. Determine u(-2).
-14
Let t(w) = -3*w**2 - 77*w + 159. Calculate t(2).
-7
Let a(b) = b**3 + 10*b**2 - 9*b - 4. What is a(-11)?
-26
Let i(p) = 2*p + 4. Determine i(1).
6
Let i(p) = -8*p**3 + 3*p + 8. Determine i(-2).
66
Let y(o) = -6*o**2 + 3*o + 1. Calculate y(-2).
-29
Let o(y) = 33*y**2 + 6*y - 4. Give o(1).
35
Let p(l) = l**2 - 7. Determine p(-5).
18
Let q(z) = -z**2 - 5*z - 2. Calculate q(-3).
4
Let l(f) = -f**3 + 2*f + 2. Determine l(-2).
6
Let a(p) = -p**3 + 10*p**2 - 3*p + 3. What is a(10)?
-27
Let h(g) = -5*g**3 + 11*g**2 - 10. Determine h(2).
-6
Let l(s) = -s**3 - 5*s**2 + s - 4. What is l(-6)?
26
Let w(n) = -n**3 - 5*n**2 + 25*n + 9. Calculate w(-8).
1
Let q(i) = -i**2 + 23*i - 10. Give q(17).
92
Let h(c) = -2*c**2 - 3. Give h(-4).
-35
Let d(q) = 2*q + 12. Determine d(9).
30
Let q(j) = -19*j + 137. Calculate q(7).
4
Let v(m) = 3*m. Give v(-3).
-9
Let s(d) = 6*d + 114. What is s(-19)?
0
Let c(y) = -3*y - 3. Give c(-2).
3
Let v(a) = -2*a**2 + 9*a + 9. Determine v(6).
-9
Let g(p) = p**3 - 3*p - 2. Give g(-2).
-4
Let f(k) = k + 9. Determine f(-9).
0
Let z(n) = -n + 8. What is z(6)?
2
Let f(p) = p**2 - 9*p + 14. What is f(5)?
-6
Let l(t) = t**3 + 3*t**2 + 10*t - 1. What is l(-4)?
-57
Let r(z) = -z**2 + 3*z + 10. What is r(6)?
-8
Let d(p) = 3*p**2 + 4*p + 2. What is d(-4)?
34
Let b(t) = t**3 - t**2 + t - 41. What is b(0)?
-41
Let b(m) = 17*m + 133. Calculate b(-7).
14
Let k(s) = 8*s - 8. Determine k(7).
48
Let a(d) = -d**2 - 41*d - 266. Determine a(-8).
-2
Let p(b) = b**2 + 4*b + 5. Give p(-5).
10
Let r(o) = 2*o + 9. Calculate r(-4).
1
Let d(w) = -w**2 + 10*w + 19. What is d(11)?
8
Let c(x) = -5*x - 5. Calculate c(6).
-35
Let l(a) = -5*a + 176. Determine l(36).
-4
Let w(l) = l**2 - 11*l - 3. What is w(11)?
-3
Let p(c) = -c**3 - 3*c**2 + 11*c - 3. What is p(-5)?
-8
Let h(t) = t**2 + 6*t - 10. Determine h(2).
6
Let s(g) = -g**3 + 3*g**2 + 4*g - 3. What is s(2)?
9
Let x(u) = u - 17. Give x(-11).
-28
Let t(s) = s**2 - s - 10. What is t(-3)?
2
Let h(m) = m**2 - 9*m - 7. Give h(7).
-21
Let q(z) = z**2 + 37*z + 70. Determine q(-35).
0
Let s(y) = y**3 - 3*y**2 + 5*y - 4. Give s(3).
11
Let r(y) = -2*y**2 + 2*y + 32. Determine r(-4).
-8
Let g(h) = -2*h + 13. What is g(7)?
-1
Let m(v) = -12*v**3 + 3*v - 4. What is m(1)?
-13
Let p(f) = -6*f + 6. Determine p(4).
-18
Let t(f) = f**2 + 2*f - 3. What is t(0)?
-3
Let k(v) = -v**3 + 51*v**2 - 52*v + 99. Determine k(50).
-1
Let s(q) = -87*q**3 - q**2 - 2*q - 2. Determine s(-1).
86
Let s(u) = -u - 32. Calculate s(-13).
-19
Let v(o) = -o**3 - 8*o**2 + 12*o - 7. Give v(-10).
73
Let k(t) = -t**3 + 11*t**2 - 12*t + 22. Determine k(10).
2
Let m(z) = -16*z**2 + z + 1. Calculate m(-1).
-16
Let s(v) = 6*v + 21. Calculate s(-7).
-21
Let i(s) = -s**2 - 11*s - 4. Give i(-7).
24
Let r(x) = -x**3 + 7*x**2 - 2*x + 9. Calculate r(7).
-5
Let j(r) = -14*r**3 - 9*r**2 - 5*r - 4. Determine j(-2).
82
Let o(h) = 12*h - 67. Calculate o(5).
-7
Let l(t) = t**2 - 34*t + 115. Give l(3